n factor of m and 80.
16
Let t be (-6)/10*10*-3175. What is the highest common factor of t and 150?
150
Let d = 25570 - 17296. Calculate the highest common factor of d and 42.
42
Let d(l) = -2*l - 1. Let z(q) = 17*q + 46. Let n(f) = 18*d(f) + 2*z(f). Let u be n(10). What is the greatest common factor of u and 270?
54
Suppose 0 = 134*k - 141*k + 98. Suppose -8*g - 330 = -k*g. What is the greatest common divisor of g and 20?
5
Let j = 33 - -42. Let z(u) = 5*u**2 - 6*u - 18. Let w be z(-4). Let p = w - 71. Calculate the highest common factor of j and p.
15
Let u(b) be the second derivative of 1/6*b**3 - 1/2*b**2 + 0 + 21/20*b**5 - 1/12*b**4 - 10*b. Let p be u(1). What is the greatest common factor of 180 and p?
20
Let n = 351 - -13257. What is the highest common divisor of 336 and n?
168
Suppose -292 = t - 354. Suppose -58*d - 76 = -t*d. What is the greatest common divisor of 133 and d?
19
Suppose 54 = 2*f + 3*n, 70 = 5*f - 3*f - 5*n. Calculate the greatest common divisor of f and 1125.
15
Suppose -32*b + 52000 = 10*b + 23*b. What is the highest common divisor of 960 and b?
160
Let k(q) = -10*q - 69. Let w be k(-7). Let g(f) = 366*f**2 + 7*f - 8. Let s be g(w). What is the greatest common divisor of 73 and s?
73
Suppose 2*o = -31*o + 132. Suppose -3*s = -o*r + 429, -577 = -4*r + s - 146. Suppose 82 - 262 = -5*l. Calculate the highest common factor of r and l.
36
Let w = -4739 - -6209. What is the highest common divisor of 147 and w?
147
Let h be (10/(-4))/((-10)/480). Let x = -72 - -156. Let d = x + -69. Calculate the greatest common factor of h and d.
15
Let k = 442 - 644. Let t = k + 300. What is the highest common divisor of t and 147?
49
Let m be 0 - ((-1332)/(-30))/(-4 + (-157)/(-40)). What is the greatest common divisor of m and 880?
16
Let z = 307 + -9. Let w be z/2*1/(0 - -1). Let m = w - 69. What is the greatest common divisor of m and 32?
16
Let u be 74/8 - (4 + -2)/8. Let x(o) = -o + 5. Let w be x(3). Let b be 4/w*(8 + 10). What is the highest common factor of b and u?
9
Suppose -95 - 439 = -2*k - 5*q, -5*q - 978 = -4*k. Calculate the highest common factor of k and 546.
42
Suppose -m + 13 = -2*u, 0 = -m - u - 2. Suppose 0 = m*l - 181 + 4. Calculate the greatest common factor of 177 and l.
59
Let a(x) = x**3 - 45*x**2 + 244*x - 347. Let p be a(39). What is the highest common divisor of p and 9073?
43
Let v be (-13636)/91 + 10/(-65). Let g = v - -444. Calculate the greatest common divisor of g and 84.
42
Let w = 2730 - -2951. What is the greatest common factor of 26 and w?
13
Let j be -24*(7 + (-186)/24). Let o(n) = -15*n + 15. Let y be o(-5). Calculate the greatest common divisor of j and y.
18
Let p = 15536 + -15214. What is the highest common factor of 434 and p?
14
Suppose 4*o - d = 1521, 1038 = 3*o + 3*d - 84. Let j = 448 - o. Calculate the greatest common divisor of j and 3.
3
Suppose 0 = -4*c + o + 640, -c + 183 - 23 = 3*o. Let d = -112 + c. What is the greatest common factor of d and 6?
6
Let m(d) = -d**2 + 7*d - 5. Let l(y) = -y - 9. Let f be l(-14). Let w be m(f). Suppose w*o - 2*o = 21. What is the greatest common factor of 56 and o?
7
Let a(s) = 27*s - 52. Let x be a(21). Let o be x/19 - 5 - 6/57. What is the highest common factor of o and 363?
11
Suppose 5*r = -0*r + 100. Suppose -r + 7 = -f. What is the greatest common divisor of f and 325?
13
Let j be 120*(-5)/(-4)*2. Let p(z) = 63*z - 384. Let t be p(8). Calculate the greatest common divisor of t and j.
60
Let q = -10780 + 11324. What is the greatest common factor of q and 640?
32
Let b(x) = -3*x**2 - 41*x + 3. Let d be b(0). Suppose f + 5*s + 4 = 18, 0 = f + s - 34. Suppose f = d*j - 33. Calculate the greatest common divisor of 6 and j.
6
Let r = -3627 + 3649. Calculate the highest common factor of r and 66.
22
Let g = 4618 + -4583. What is the highest common divisor of 28 and g?
7
Let y(w) = -37*w**2 - 541*w + 43. Let a be y(-14). What is the greatest common factor of 584 and a?
73
Let p(h) = -28*h - 100. Let b be p(-4). Suppose -m - 699 = -4*x, -b*m + 7*m + 25 = 0. What is the greatest common divisor of x and 264?
88
Suppose 0 = -72*h + 67*h + 15. Suppose 0*p = h*z - 4*p - 19, p + 11 = 2*z. Suppose z*u - 222 = 63. Calculate the greatest common factor of 57 and u.
57
Suppose 13*k = -28*k + 7*k. Suppose k = -i + 4*o + 31, -3*o + 44 = 4*i - 4. What is the greatest common factor of i and 4?
1
Let s = -8152 - -11884. Calculate the greatest common divisor of s and 84.
12
Let n be (-20)/((-3)/((-9)/2)*-1). What is the greatest common factor of n and 13290?
30
Let x(w) = -6*w + 372. Let h be x(34). Calculate the highest common divisor of 2268 and h.
84
Suppose 9838560 = -13*d + 610*d. Calculate the highest common divisor of d and 640.
160
Let d be (1 - 8/5)*-1095. Let y be 1/(-2) - (-3 - d/6). Suppose -y = -4*b + 8. Calculate the greatest common factor of b and 15.
15
Suppose 0 = -4*h + 8, 0 = 4*m - 2*h + 195 - 1351. Calculate the greatest common factor of 87 and m.
29
Suppose -200 = 28*l - 55*l + 17*l. What is the greatest common factor of l and 13940?
20
Let d be 5 + -1 - (-2 + 5). Suppose -5*w - 4*o + 7*o = -43, 3*w = 2*o + 26. What is the highest common divisor of d and w?
1
Let z = 8873 - 8847. Calculate the greatest common factor of 949 and z.
13
Suppose 1516 + 244 = 22*s. What is the highest common divisor of 15 and s?
5
Let z(w) = -w**2 + w + 180. Let i be z(0). Suppose -v - l + 3 = 0, 79*v - 75*v = 3*l + 54. What is the highest common divisor of v and i?
9
Let u(p) be the first derivative of 8*p + 12 + 1/2*p**2. Let i be u(0). What is the highest common divisor of i and 16?
8
Let x(b) = 76*b**2 - 3. Let k(c) = 38*c**2 - 1. Let n(f) = 5*k(f) - 2*x(f). Let m be n(1). Suppose -2*h = -33 - m. What is the highest common factor of h and 9?
9
Let l be (944/(-2360))/((-1)/4500). What is the greatest common factor of 3300 and l?
300
Let j(t) = 22*t**2 - 4*t + 42. Let p be j(11). Calculate the highest common factor of 112 and p.
28
Let f = -14040 - -14054. Calculate the greatest common divisor of 30842 and f.
14
Suppose 3*g + 4*i = 853, g + g - 576 = i. Let a = -87 + g. What is the highest common divisor of 80 and a?
40
Let a(z) = z**3 - 5*z**2 + 9*z - 3. Suppose 4*g - 12*g + 3504 = 0. Let m be 2/15 + g/90. Let r be a(m). What is the greatest common factor of 14 and r?
14
Let p be (-254*45/20)/((-29)/(-8) + -4). What is the greatest common factor of 60 and p?
12
Let z = -89 - -149. Let d(x) = -14*x**3 - x**2 + 5*x - 4. Let m be d(1). Let c(h) = -4*h - 44. Let n be c(m). What is the greatest common divisor of n and z?
12
Suppose -d - 4*j = -232, 7*j - 6*j = 3*d - 644. Calculate the highest common factor of 3000 and d.
24
Let u = 3111 - 3039. Calculate the highest common factor of u and 48.
24
Let k(a) = 284*a + 1979. Let y be k(5). What is the highest common factor of 33 and y?
33
Let q be 1074/5370*10/2. Suppose m = -4*m + 5. What is the greatest common divisor of m and q?
1
Suppose -5*s = -32*n + 36*n - 38876, 3*n - 29184 = 3*s. Calculate the highest common divisor of n and 44.
44
Suppose 0 = -20*x + 2745 + 2355. What is the highest common divisor of 816 and x?
51
Let v(s) = -2*s**3 - 38*s**2 + 20*s + 397. Let f be v(-19). Suppose -3*p = -1300 - 233. Let q = p + -358. What is the greatest common divisor of q and f?
17
Let r be (-1)/(6*1) - (-456)/144. Suppose r*i + 4*l = 85, -5*i + 9*l + 132 = 6*l. Calculate the greatest common divisor of i and 117.
9
Let d be -1*3 + -2 + 3. Let w be (-1)/(0 - (0 + d/12)). Let j be w*1/(-39) + 999/13. What is the greatest common factor of 11 and j?
11
Suppose -43*a - 217 = -4*k - 42*a, -2*a = k - 61. Calculate the highest common divisor of k and 1793.
11
Let b be 9/6 - (-77)/2. Suppose l + 2*l + 5*p = b, 5 = 3*l - 2*p. Suppose -3*y + 18 = -y + l*a, -2*y + 4 = -2*a. What is the greatest common factor of y and 12?
4
Let l = 28 + -4. Let d = -3694 - -3760. What is the greatest common divisor of d and l?
6
Let g = 2315 - 854. What is the greatest common divisor of g and 3?
3
Let q = 93 - 240. Let l be (-4 + 0 - q) + -5. What is the greatest common factor of 6 and l?
6
Let i(t) = -t**2 - 37*t + 30. Let n be i(-36). What is the highest common factor of 10 and n?
2
Suppose 186 = -5*p + 1691. Let j = 305 - p. Calculate the greatest common factor 